{"id":812,"date":"2018-08-29T20:09:51","date_gmt":"2018-08-29T23:09:51","guid":{"rendered":"https:\/\/cpergamino-bue.infd.edu.ar\/sitio\/inscripcion-2018\/"},"modified":"2024-10-28T13:52:49","modified_gmt":"2024-10-28T16:52:49","slug":"inscripcion-2020","status":"publish","type":"page","link":"https:\/\/cpergamino-bue.infd.edu.ar\/sitio\/inscripcion-2020\/","title":{"rendered":"INSCRIPCI\u00d3N 2025"},"content":{"rendered":"<h1 style=\"text-align: center;\">\u00a0&#8212;&#8212;&#8212;&#8212;&#8212;&#8212;&#8212;&#8212;&#8212;&#8212;&#8212;&#8212;&#8212;-<\/h1>\n<h2 style=\"text-align: center;\"><span style=\"color: #ff6600;\">\u00a0INSTRUMENTOS:<\/span><\/h2>\n<h2 style=\"text-align: center;\"><\/h2>\n<h2 style=\"text-align: center;\"><strong>FLAUTA TRAVERSA, TROMPETA, TROMB\u00d3N, BANDONEON , CONTRABAJO.<br \/>\n<\/strong><\/h2>\n<h2 style=\"text-align: center;\"><strong>PIANO, SAXO, CLARINETE, VIOLIN, VIOLA, VIOLONCELLO, GUITARRA<\/strong><\/h2>\n<h1 style=\"text-align: center;\">&#8212;&#8212;&#8212;&#8212;&#8212;&#8212;&#8212;&#8212;&#8212;&#8212;&#8212;&#8212;&#8212;-<\/h1>\n<h3 style=\"text-align: center;\"><span style=\"color: #ff6600;\">\u00a0LA INSCRIPCI\u00d3N SE DEBER\u00c1 REALIZAR DE FORMA <em><span style=\"color: #ff0000;\">PRESENCIAL<\/span>.<\/em><\/span><\/h3>\n<h5><\/h5>\n<p style=\"text-align: center;\">\n<p style=\"text-align: center;\"><span style=\"font-size: 10pt;\"><b style=\"font-size: 10pt;\">COMO REQUISITO ESENCIAL DEBE PRESENTARSE TODA LA <\/b><span style=\"font-size: 13.3333px;\"><b>DOCUMENTACI\u00d3N<\/b><\/span><b style=\"font-size: 10pt;\">\u00a0QUE SE DETALLA A <\/b><span style=\"font-size: 13.3333px;\"><b>CONTINUACI\u00d3N<\/b><\/span><b style=\"font-size: 10pt;\">.(<span style=\"color: #ff0000;\"><span style=\"color: #ff6600;\">ESTA INFORMACI\u00d3N LA PODR\u00c1N HACER LLEGAR<\/span> <span style=\"color: #ff6600;\">DE FORMA DIGITAL, MEDIANTE ESCANEO O POR MEDIO DE FOTO AL SIGUIENTE e-MAIL<\/span><\/span> preceptoriaconservatoriojcp@gmail.com), <\/b><span style=\"color: #ff6600;\"><strong>o DE FORMA PRESENCIAL<\/strong><\/span><\/span><\/p>\n<p style=\"text-align: center;\"><span style=\"font-size: 10pt; color: #ff6600;\"><strong>\u00a0<\/strong><\/span><\/p>\n<ul>\n<li><span style=\"color: #ff6600;\"><strong><span style=\"font-size: 12pt;\"><span style=\"font-family: Times New Roman;\">REQUISITOS DE\u00a0<\/span><\/span><\/strong><span style=\"font-family: 'Times New Roman';\"><b>INSCRIPCI\u00d3N<\/b><\/span><\/span><\/li>\n<\/ul>\n<p><strong><span style=\"font-size: 12pt; font-family: Times New Roman;\">\u00a0<\/span><\/strong><\/p>\n<h2 style=\"text-align: center;\"><span style=\"color: #ff6600;\"><span style=\"font-size: 12pt;\"><span style=\"font-family: Times New Roman;\"><span style=\"font-family: 'Times New Roman';\"><span style=\"font-size: 12pt;\"><b>Formaci\u00f3n B\u00e1sica para ni\u00f1os y <\/b><\/span><\/span><span style=\"font-family: 'Times New Roman';\"><b>pre-adolescentes<\/b><\/span><span style=\"font-family: 'Times New Roman';\"><span style=\"font-size: 12pt;\"><b>:<\/b><\/span><\/span><\/span><\/span><\/span><\/h2>\n<p><span style=\"color: #ff6600;\"><strong><span style=\"font-size: 12pt;\"><span style=\"font-family: Times New Roman;\">Ciclo Inicial:<\/span><\/span><\/strong><\/span><\/p>\n<ul>\n<li><span style=\"font-size: 12pt; font-family: Times New Roman;\">9 A\u00d1OS DE EDAD O A CUMPLIR AL 30 DE JUNIO DE \u00a02025<\/span><\/li>\n<\/ul>\n<p><span style=\"font-size: 12pt; font-family: Times New Roman;\">\u00a0<\/span><\/p>\n<h2 style=\"text-align: center;\"><span style=\"color: #ff6600;\"><strong><span style=\"font-size: 12pt;\"><span style=\"font-family: Times New Roman;\">Formaci\u00f3n B\u00e1sica para J\u00f3venes y adultos:<\/span><\/span><\/strong><\/span><\/h2>\n<p><span style=\"color: #ff6600;\"><strong><span style=\"font-size: 12pt;\"><span style=\"font-family: Times New Roman;\">Nivel I<\/span><\/span><\/strong><\/span><\/p>\n<ul>\n<li><span style=\"font-size: 12pt; font-family: Times New Roman;\">14 A\u00d1OS DE EDAD O A CUMPLIR\u00a0<span style=\"font-size: 12pt; font-family: Times New Roman;\">AL 30 DE JUNIO DE \u00a02025<\/span><\/span><\/li>\n<\/ul>\n<p><span style=\"font-size: 12pt; font-family: Times New Roman;\">\u00a0<\/span><\/p>\n<p style=\"text-align: center;\"><span style=\"color: #ff6600;\"><strong><span style=\"font-size: 12pt;\"><span style=\"font-family: Times New Roman;\">DOCUMENTACI\u00d3N A PRESENTAR:<\/span><\/span><\/strong><\/span><\/p>\n<p><span style=\"font-size: 12pt; font-family: Times New Roman;\">\u00a0<\/span><\/p>\n<ul>\n<li style=\"list-style-type: none;\">\n<ul>\n<li><span style=\"font-size: 12pt; font-family: Times New Roman;\">FOTOCOPIA DE DNI.<\/span><\/li>\n<li>FOTO 4X4(<em>tomada con el smartphone<\/em>)<\/li>\n<li>CERTIFICADO DE SALUD.<\/li>\n<li><span style=\"font-family: 'Times New Roman';\"><span style=\"font-size: 15.555556297302246px;\">FOTOCOPIA DE LA PARTIDA DE NACIMIENTO.<\/span><\/span><\/li>\n<li><span style=\"font-size: 12pt; font-family: Times New Roman;\">TITULO SECUNDARIO O CONSTANCIA DE ALUMNO REGULAR.<\/span><\/li>\n<li><strong><em>LOS INGRESANTES A LA FOBA DEBER\u00c1N COMPLETAR LA\u00a0 PLANILLA EN LA INSTITUCI\u00d3N.<\/em><\/strong>\n<p style=\"text-align: center;\">\n<\/li>\n<\/ul>\n<\/li>\n<\/ul>\n<h2 style=\"text-align: center;\"><span style=\"color: #333333; background-color: #ffcc00;\"><strong>IMPORTANTE: <\/strong><\/span><\/h2>\n<h1 style=\"text-align: center;\"><strong><span style=\"font-size: 12pt; font-family: Times New Roman;\">\u00a0<em>En el caso de los menores de 18 a\u00f1os la inscripci\u00f3n deber\u00e1 ser realizada por el Padre o Tutor.<\/em><\/span><\/strong><\/h1>\n<h3 style=\"text-align: center;\"><span><span style=\"color: #ff6600;\"><span style=\"font-size: 18.6667px;\">NUEVA OFERTA: <em><span style=\"color: #000000;\">TALLER DE BAJO\u00a0<\/span><\/em><\/span><\/span><\/span><span style=\"color: #000000;\"><em><span style=\"color: #ff6600;\"><span style=\"font-size: 18.6667px;\"><span style=\"color: #000000;\">EL\u00c9CTRICO-TALLER DE ACORDE\u00d3N<\/span> <span style=\"color: #000000;\">A PIANO- TALLER DE BATER\u00cdA- CORO<\/span><\/span><\/span><\/em><\/span><\/h3>\n<p style=\"text-align: center;\"><span style=\"color: #ff6600; font-size: 14pt;\"><span style=\"font-size: 18.6667px;\"><b>ASOCIACI\u00d3N<\/b><\/span><strong style=\"font-size: 14pt;\"><span style=\"font-size: 14pt;\"> COOPERADORA 2025<\/span><\/strong><\/span><\/p>\n<p style=\"text-align: center;\"><span style=\"font-size: 14pt; color: #000000; font-family: 'Times New Roman'; background-color: #ffffff;\">VALOR DE LA INSCRIPCI\u00d3N:<\/span><\/p>\n<p style=\"text-align: center;\"><span style=\"font-size: 14pt; color: #000000; font-family: 'Times New Roman'; background-color: #ffffff;\">\u00a0 \u00a0 \u00a0 \u00a0 \u00a0CONSULTAR EN NUESTROS CONTACTOS\u00a0\u00a0<\/span><\/p>\n<p style=\"text-align: center;\"><span style=\"font-size: 14pt; color: #000000; font-family: 'Times New Roman'; background-color: #ffffff;\">en Facebook nos encontras como\u00a0www.facebook.com\/consermusica.juancarlospaz\/ \u00a0<\/span><\/p>\n<p style=\"text-align: center;\">en Instagram como @conservatoriodemusicajcp<\/p>\n<p style=\"text-align: center;\">\n<p style=\"text-align: center;\"><span style=\"color: #333333; font-size: 10pt;\"><strong><span style=\"font-family: Times New Roman;\">PARA MAS INFORMACI\u00d3N <\/span><\/strong><strong><span style=\"font-family: Times New Roman;\">COMUNICARSE\u00a0<\/span><\/strong><strong><span style=\"font-family: Times New Roman;\">AL TEL. 02477 \u2013 442408 &#8211; WHATSAPP 2477-363842 O DIRIGIRSE A CALLE: San Martin 621\u2013 <\/span><\/strong><\/span><\/p>\n<p style=\"text-align: center;\"><span style=\"color: #333333; font-size: 10pt;\"><strong><span style=\"font-family: Times New Roman;\">PERGAMINO \u2013 BS. AS.<\/span><\/strong><\/span><\/p>\n<p style=\"text-align: center;\"><span style=\"color: #333333; font-size: 14pt;\"><span style=\"font-family: Times New Roman;\"><span style=\"color: #333333; font-size: 14pt; font-family: Times New Roman;\"><b>Horario de <\/b><\/span><span style=\"color: #333333; font-family: Times New Roman;\"><span style=\"font-size: 18.6667px;\"><b>inscripci\u00f3n<\/b><\/span><\/span><span style=\"color: #333333; font-size: 14pt; font-family: Times New Roman;\"><b>: 8 AM a 16:00 PM\u00a0<\/b><\/span><\/span><\/span><\/p>\n","protected":false},"excerpt":{"rendered":"<p>\u00a0&#8212;&#8212;&#8212;&#8212;&#8212;&#8212;&#8212;&#8212;&#8212;&#8212;&#8212;&#8212;&#8212;- \u00a0INSTRUMENTOS: FLAUTA TRAVERSA, TROMPETA, TROMB\u00d3N, BANDONEON , CONTRABAJO. PIANO, SAXO, CLARINETE, VIOLIN, VIOLA, VIOLONCELLO, GUITARRA &#8212;&#8212;&#8212;&#8212;&#8212;&#8212;&#8212;&#8212;&#8212;&#8212;&#8212;&#8212;&#8212;- \u00a0LA INSCRIPCI\u00d3N SE DEBER\u00c1 REALIZAR DE FORMA PRESENCIAL. COMO REQUISITO ESENCIAL DEBE PRESENTARSE TODA LA DOCUMENTACI\u00d3N\u00a0QUE SE DETALLA A CONTINUACI\u00d3N.(ESTA INFORMACI\u00d3N LA PODR\u00c1N HACER LLEGAR DE FORMA DIGITAL, MEDIANTE ESCANEO O POR MEDIO DE FOTO AL SIGUIENTE e-MAIL &#8230; <a title=\"INSCRIPCI\u00d3N 2025\" class=\"read-more\" href=\"https:\/\/cpergamino-bue.infd.edu.ar\/sitio\/inscripcion-2020\/\" aria-label=\"More on INSCRIPCI\u00d3N 2025\">[+]<\/a><\/p>\n","protected":false},"author":85,"featured_media":0,"parent":0,"menu_order":0,"comment_status":"closed","ping_status":"closed","template":"","meta":[],"acf":[],"_links":{"self":[{"href":"https:\/\/cpergamino-bue.infd.edu.ar\/sitio\/wp-json\/wp\/v2\/pages\/812"}],"collection":[{"href":"https:\/\/cpergamino-bue.infd.edu.ar\/sitio\/wp-json\/wp\/v2\/pages"}],"about":[{"href":"https:\/\/cpergamino-bue.infd.edu.ar\/sitio\/wp-json\/wp\/v2\/types\/page"}],"author":[{"embeddable":true,"href":"https:\/\/cpergamino-bue.infd.edu.ar\/sitio\/wp-json\/wp\/v2\/users\/85"}],"replies":[{"embeddable":true,"href":"https:\/\/cpergamino-bue.infd.edu.ar\/sitio\/wp-json\/wp\/v2\/comments?post=812"}],"version-history":[{"count":22,"href":"https:\/\/cpergamino-bue.infd.edu.ar\/sitio\/wp-json\/wp\/v2\/pages\/812\/revisions"}],"predecessor-version":[{"id":1495,"href":"https:\/\/cpergamino-bue.infd.edu.ar\/sitio\/wp-json\/wp\/v2\/pages\/812\/revisions\/1495"}],"wp:attachment":[{"href":"https:\/\/cpergamino-bue.infd.edu.ar\/sitio\/wp-json\/wp\/v2\/media?parent=812"}],"curies":[{"name":"wp","href":"https:\/\/api.w.org\/{rel}","templated":true}]}}